{"id":546,"date":"2024-04-22T07:52:09","date_gmt":"2024-04-22T06:52:09","guid":{"rendered":"https:\/\/pk-system.pl\/?page_id=546"},"modified":"2025-07-08T07:34:01","modified_gmt":"2025-07-08T06:34:01","slug":"homepage","status":"publish","type":"page","link":"https:\/\/pk-system.pl\/index.php\/en\/homepage\/","title":{"rendered":"Homepage"},"content":{"rendered":"\n<div id=\"wp-block-themeisle-blocks-advanced-columns-17417fc2\" class=\"wp-block-themeisle-blocks-advanced-columns alignfull has-1-columns has-desktop-equal-layout has-tablet-equal-layout has-mobile-equal-layout has-vertical-unset\"><div class=\"wp-block-themeisle-blocks-advanced-columns-overlay\"><\/div><div class=\"innerblocks-wrap\">\n<div id=\"wp-block-themeisle-blocks-advanced-column-14a56319\" class=\"wp-block-themeisle-blocks-advanced-column\">\n<h1 id=\"wp-block-themeisle-blocks-advanced-heading-7219cdff\" class=\"wp-block-themeisle-blocks-advanced-heading wp-block-themeisle-blocks-advanced-heading-7219cdff\">PK-System AUTOMOTIVE<\/h1>\n\n\n\n<p class=\"has-text-align-center has-white-color has-text-color\" style=\"font-size:22px\">We enter the market with passion and commitment, offering comprehensive solutions in terms of the assembly of production lines, paint booths and conveyor systems. Our company,<br>PK-System Automotive, is gaining recognition in both the Polish and international markets, by providing services at the highest level.<\/p>\n\n\n\n<div class=\"wp-block-buttons is-horizontal is-content-justification-center is-layout-flex wp-container-core-buttons-is-layout-499968f5 wp-block-buttons-is-layout-flex\">\n<div class=\"wp-block-button is-style-primary\"><a class=\"wp-block-button__link wp-element-button\" href=\"https:\/\/pk-system.pl\/index.php\/e866c-our-projects\/\" rel=\"\">Implementations<\/a><\/div>\n<\/div>\n<\/div>\n<\/div><\/div>\n\n\n\n<section id=\"wp-block-themeisle-blocks-advanced-columns-335a2f03\" class=\"wp-block-themeisle-blocks-advanced-columns alignfull has-1-columns has-desktop-equal-layout has-tablet-equal-layout has-mobile-equal-layout has-vertical-flex-start\"><div class=\"wp-block-themeisle-blocks-advanced-columns-overlay\"><\/div><div class=\"innerblocks-wrap\">\n<div id=\"wp-block-themeisle-blocks-advanced-column-5d90343f\" class=\"wp-block-themeisle-blocks-advanced-column\">\n<section id=\"wp-block-themeisle-blocks-advanced-columns-b2ead1d6\" class=\"wp-block-themeisle-blocks-advanced-columns has-2-columns has-desktop-equal-layout has-tablet-equal-layout has-mobile-collapsedRows-layout has-vertical-center\"><div class=\"wp-block-themeisle-blocks-advanced-columns-overlay\"><\/div><div class=\"innerblocks-wrap\">\n<div id=\"wp-block-themeisle-blocks-advanced-column-7c705a1c\" class=\"wp-block-themeisle-blocks-advanced-column\">\n<h2 class=\"wp-block-heading has-nv-text-dark-bg-color has-text-color\">Steel structures<\/h2>\n\n\n\n<p class=\"has-nv-text-dark-bg-color has-text-color\">Our many years of experience on the market allow us to negotiate the best prices for both the design and steel elements, serving the investor with optimal financial solutions. We also carry out installations using materials provided by the customer. Furthermore, we have welding equipment of the highest quality and teams prepared to travel abroad, consisting of 2 to 50 specialists, including fitters, welders and electricians with European SCC certificates and MIG, MAG and TIG welding certificates. We are flexible and ready to implement short-term and long-term contracts.<\/p>\n<\/div>\n\n\n\n<div id=\"wp-block-themeisle-blocks-advanced-column-5f9a9ec0\" class=\"wp-block-themeisle-blocks-advanced-column\">\n<figure class=\"wp-block-image size-full animated fadeInUp delay-100ms slow\"><img fetchpriority=\"high\" decoding=\"async\" width=\"2580\" height=\"1508\" src=\"https:\/\/pk-system.pl\/wp-content\/uploads\/2024\/02\/Image-31.png\" alt=\"\" class=\"wp-image-422\" srcset=\"https:\/\/pk-system.pl\/wp-content\/uploads\/2024\/02\/Image-31.png 2580w, https:\/\/pk-system.pl\/wp-content\/uploads\/2024\/02\/Image-31-300x175.png 300w, https:\/\/pk-system.pl\/wp-content\/uploads\/2024\/02\/Image-31-1024x599.png 1024w, https:\/\/pk-system.pl\/wp-content\/uploads\/2024\/02\/Image-31-768x449.png 768w, https:\/\/pk-system.pl\/wp-content\/uploads\/2024\/02\/Image-31-1536x898.png 1536w, https:\/\/pk-system.pl\/wp-content\/uploads\/2024\/02\/Image-31-2048x1197.png 2048w\" sizes=\"(max-width: 2580px) 100vw, 2580px\" \/><\/figure>\n<\/div>\n<\/div><\/section>\n\n\n\n<section id=\"wp-block-themeisle-blocks-advanced-columns-8e7cc7ae\" class=\"wp-block-themeisle-blocks-advanced-columns has-3-columns has-desktop-equal-layout has-tablet-equal-layout has-mobile-collapsedRows-layout has-vertical-flex-start\"><div class=\"wp-block-themeisle-blocks-advanced-columns-overlay\"><\/div><div class=\"innerblocks-wrap\">\n<div id=\"wp-block-themeisle-blocks-advanced-column-725f10a7\" class=\"wp-block-themeisle-blocks-advanced-column\">\n<figure class=\"wp-block-image size-full is-resized animated fadeInUp slow\"><img decoding=\"async\" width=\"2580\" height=\"1422\" src=\"https:\/\/pk-system.pl\/wp-content\/uploads\/2024\/02\/Image-27.png\" alt=\"\" class=\"wp-image-447\" style=\"aspect-ratio:1;object-fit:cover;width:350px\" srcset=\"https:\/\/pk-system.pl\/wp-content\/uploads\/2024\/02\/Image-27.png 2580w, https:\/\/pk-system.pl\/wp-content\/uploads\/2024\/02\/Image-27-300x165.png 300w, https:\/\/pk-system.pl\/wp-content\/uploads\/2024\/02\/Image-27-1024x564.png 1024w, https:\/\/pk-system.pl\/wp-content\/uploads\/2024\/02\/Image-27-768x423.png 768w, https:\/\/pk-system.pl\/wp-content\/uploads\/2024\/02\/Image-27-1536x847.png 1536w, https:\/\/pk-system.pl\/wp-content\/uploads\/2024\/02\/Image-27-2048x1129.png 2048w\" sizes=\"(max-width: 2580px) 100vw, 2580px\" \/><\/figure>\n<\/div>\n\n\n\n<div id=\"wp-block-themeisle-blocks-advanced-column-3c67f726\" class=\"wp-block-themeisle-blocks-advanced-column\">\n<figure class=\"wp-block-image size-full animated fadeInUp delay-200ms slow\"><img decoding=\"async\" width=\"2580\" height=\"1430\" src=\"https:\/\/pk-system.pl\/wp-content\/uploads\/2024\/02\/Image-11.png\" alt=\"\" class=\"wp-image-431\" style=\"aspect-ratio:1;object-fit:cover\" srcset=\"https:\/\/pk-system.pl\/wp-content\/uploads\/2024\/02\/Image-11.png 2580w, https:\/\/pk-system.pl\/wp-content\/uploads\/2024\/02\/Image-11-300x166.png 300w, https:\/\/pk-system.pl\/wp-content\/uploads\/2024\/02\/Image-11-1024x568.png 1024w, https:\/\/pk-system.pl\/wp-content\/uploads\/2024\/02\/Image-11-768x426.png 768w, https:\/\/pk-system.pl\/wp-content\/uploads\/2024\/02\/Image-11-1536x851.png 1536w, https:\/\/pk-system.pl\/wp-content\/uploads\/2024\/02\/Image-11-2048x1135.png 2048w\" sizes=\"(max-width: 2580px) 100vw, 2580px\" \/><\/figure>\n<\/div>\n\n\n\n<div id=\"wp-block-themeisle-blocks-advanced-column-4956dbc0\" class=\"wp-block-themeisle-blocks-advanced-column\">\n<figure class=\"wp-block-image size-full animated fadeInUp delay-500ms slow\"><img loading=\"lazy\" decoding=\"async\" width=\"2580\" height=\"1398\" src=\"https:\/\/pk-system.pl\/wp-content\/uploads\/2024\/02\/Image-28.png\" alt=\"\" class=\"wp-image-448\" style=\"aspect-ratio:1;object-fit:cover\" srcset=\"https:\/\/pk-system.pl\/wp-content\/uploads\/2024\/02\/Image-28.png 2580w, https:\/\/pk-system.pl\/wp-content\/uploads\/2024\/02\/Image-28-300x163.png 300w, https:\/\/pk-system.pl\/wp-content\/uploads\/2024\/02\/Image-28-1024x555.png 1024w, https:\/\/pk-system.pl\/wp-content\/uploads\/2024\/02\/Image-28-768x416.png 768w, https:\/\/pk-system.pl\/wp-content\/uploads\/2024\/02\/Image-28-1536x832.png 1536w, https:\/\/pk-system.pl\/wp-content\/uploads\/2024\/02\/Image-28-2048x1110.png 2048w\" sizes=\"(max-width: 2580px) 100vw, 2580px\" \/><\/figure>\n<\/div>\n<\/div><\/section>\n<\/div>\n<\/div><\/section>\n\n\n\n<div id=\"wp-block-themeisle-blocks-advanced-columns-7591d0fe\" class=\"wp-block-themeisle-blocks-advanced-columns alignfull has-2-columns has-desktop-equal-layout has-tablet-equal-layout has-mobile-collapsedRows-layout has-vertical-unset\"><div class=\"wp-block-themeisle-blocks-advanced-columns-overlay\"><\/div><div class=\"innerblocks-wrap\">\n<div id=\"wp-block-themeisle-blocks-advanced-column-580947ad\" class=\"wp-block-themeisle-blocks-advanced-column\">\n<figure class=\"wp-block-image size-large animated fadeInUp slow\"><img loading=\"lazy\" decoding=\"async\" width=\"574\" height=\"1024\" src=\"https:\/\/pk-system.pl\/wp-content\/uploads\/2024\/02\/Image-16-574x1024.png\" alt=\"\" class=\"wp-image-437\" style=\"aspect-ratio:1;object-fit:cover\" srcset=\"https:\/\/pk-system.pl\/wp-content\/uploads\/2024\/02\/Image-16-574x1024.png 574w, https:\/\/pk-system.pl\/wp-content\/uploads\/2024\/02\/Image-16-168x300.png 168w, https:\/\/pk-system.pl\/wp-content\/uploads\/2024\/02\/Image-16-768x1369.png 768w, https:\/\/pk-system.pl\/wp-content\/uploads\/2024\/02\/Image-16-862x1536.png 862w, https:\/\/pk-system.pl\/wp-content\/uploads\/2024\/02\/Image-16-1149x2048.png 1149w\" sizes=\"(max-width: 574px) 100vw, 574px\" \/><\/figure>\n<\/div>\n\n\n\n<div id=\"wp-block-themeisle-blocks-advanced-column-1a2d16c7\" class=\"wp-block-themeisle-blocks-advanced-column\">\n<h2 class=\"wp-block-heading has-text-color-color has-text-color\">Industrial assembly<\/h2>\n\n\n\n<p class=\"has-text-color-color has-text-color\">We carry out comprehensive assembly, beginning with the construction of entire production lines to the installation of individual elements. Our expertise includes work in the largest production plants in the world, specializing in the manufacture of cars, agricultural machinery and components for the automotive industry. Moreover, our electricians are involved in the installation of control and power systems for production lines in various industrial sectors. Our projects include the installation of control cabinets, distribution boards, industrial robots, conveyor systems and elevators. As a result, our actions support the efficiency and innovation of production in various branches of industry.<\/p>\n<\/div>\n<\/div><\/div>\n\n\n\n<div id=\"wp-block-themeisle-blocks-advanced-columns-27c6d13c\" class=\"wp-block-themeisle-blocks-advanced-columns alignfull has-2-columns has-desktop-equal-layout has-tablet-equal-layout has-mobile-collapsedRows-layout has-vertical-unset\"><div class=\"wp-block-themeisle-blocks-advanced-columns-overlay\"><\/div><div class=\"innerblocks-wrap\">\n<div id=\"wp-block-themeisle-blocks-advanced-column-00efda99\" class=\"wp-block-themeisle-blocks-advanced-column\">\n<h2 class=\"wp-block-heading has-nv-text-dark-bg-color has-text-color\">Paint shop installation<\/h2>\n\n\n\n<p>Our qualified team has extensive experience in paint booths installations, gained while working on lacquer projects for various manufacturers from Poland, Italy and France. During each stage of work, we scrupulously select the appropriate team of employees, which guarantees efficiency and high quality of the project&#8217;s execution. Our skills include a comprehensive assembly of paint booths from scratch in Poland and various regions of Europe.<\/p>\n<\/div>\n\n\n\n<div id=\"wp-block-themeisle-blocks-advanced-column-a7440713\" class=\"wp-block-themeisle-blocks-advanced-column\">\n<figure class=\"wp-block-image size-large animated fadeInUp slow\"><img loading=\"lazy\" decoding=\"async\" width=\"1024\" height=\"564\" src=\"https:\/\/pk-system.pl\/wp-content\/uploads\/2024\/02\/Image-25-1024x564.png\" alt=\"\" class=\"wp-image-445\" srcset=\"https:\/\/pk-system.pl\/wp-content\/uploads\/2024\/02\/Image-25-1024x564.png 1024w, https:\/\/pk-system.pl\/wp-content\/uploads\/2024\/02\/Image-25-300x165.png 300w, https:\/\/pk-system.pl\/wp-content\/uploads\/2024\/02\/Image-25-768x423.png 768w, https:\/\/pk-system.pl\/wp-content\/uploads\/2024\/02\/Image-25-1536x847.png 1536w, https:\/\/pk-system.pl\/wp-content\/uploads\/2024\/02\/Image-25-2048x1129.png 2048w\" sizes=\"(max-width: 1024px) 100vw, 1024px\" \/><\/figure>\n<\/div>\n<\/div><\/div>\n\n\n\n<div id=\"wp-block-themeisle-blocks-advanced-columns-6ef621f5\" class=\"wp-block-themeisle-blocks-advanced-columns alignfull has-2-columns has-desktop-equal-layout has-tablet-equal-layout has-mobile-collapsedRows-layout has-vertical-unset ticss-15377e8c\"><div class=\"wp-block-themeisle-blocks-advanced-columns-overlay\"><\/div><div class=\"innerblocks-wrap\">\n<div id=\"wp-block-themeisle-blocks-advanced-column-f9f3e7fd\" class=\"wp-block-themeisle-blocks-advanced-column\">\n<h2 class=\"wp-block-heading has-nv-text-dark-bg-color has-text-color\">would you like to know more? Contact us<\/h2>\n\n\n\n<h3 class=\"wp-block-heading has-nv-text-dark-bg-color has-text-color\">PK-System AutomotivE<\/h3>\n\n\n\n<p class=\"has-nv-text-dark-bg-color has-text-color\">Zab\u0142\u0119dza 114d<br>33-170 Tuch\u00f3w<br>NIP: 9930700937<br>REGON: 527931680<br>KRS: 0001090739<br><a href=\"tel:+48693743643\">Tel: +48 693 743 643<\/a><\/p>\n\n\n\n<div style=\"width: 100%\"><iframe width=\"100%\" height=\"350\" frameborder=\"0\" scrolling=\"no\" marginheight=\"0\" marginwidth=\"0\" src=\"https:\/\/maps.google.com\/maps?width=100%25&amp;height=600&amp;hl=en&amp;q=Zab%C5%82%C4%99dza%20114D+(PK-System)&amp;t=k&amp;z=17&amp;ie=UTF8&amp;iwloc=B&amp;output=embed\"><a href=\"https:\/\/www.gps.ie\/\">gps tracker sport<\/a><\/iframe><\/div>\n<\/div>\n\n\n\n<div id=\"wp-block-themeisle-blocks-advanced-column-99a7ba8b\" class=\"wp-block-themeisle-blocks-advanced-column\">\n<div id=\"wp-block-themeisle-blocks-form-1ca3e9df\" class=\"wp-block-themeisle-blocks-form\" data-option-name=\"bf9b28ff82ce323187abc5d0feb0d8f07ecd8436_1ca3e9df\"><form class=\"otter-form__container\">\n<div id=\"wp-block-themeisle-blocks-form-input-5cecf867\" class=\"wp-block-themeisle-blocks-form-input\"><label for=\"wp-block-themeisle-blocks-form-input-5cecf867-input\" class=\"otter-form-input-label\"><span class=\"otter-form-input-label__label\">Email<\/span><span class=\"required\">*<\/span><\/label><input type=\"email\" id=\"wp-block-themeisle-blocks-form-input-5cecf867-input\" required placeholder=\"Email\" class=\"otter-form-input\"\/><\/div>\n\n\n\n<div id=\"wp-block-themeisle-blocks-form-textarea-e47148be\" class=\"wp-block-themeisle-blocks-form-textarea\"><label for=\"wp-block-themeisle-blocks-form-textarea-e47148be-input\" class=\"otter-form-textarea-label\"><span class=\"otter-form-textarea-label__label\">Message<\/span><span class=\"required\">*<\/span><\/label><textarea id=\"wp-block-themeisle-blocks-form-textarea-e47148be-input\" required placeholder=\"Message\" rows=\"10\" class=\"otter-form-textarea-input\"><\/textarea><\/div>\n\n\n<div class=\"protection\" aria-hidden=\"true\"><input type=\"hidden\" id=\"wp-block-themeisle-blocks-form-1ca3e9df_nonce_field\" name=\"wp-block-themeisle-blocks-form-1ca3e9df_nonce_field\" value=\"a6995f31c7\" \/><input type=\"hidden\" name=\"_wp_http_referer\" value=\"\/index.php\/wp-json\/wp\/v2\/pages\/546\" \/><input class=\"o-anti-bot\" type=\"checkbox\"><\/div><div class=\"wp-block-button\"><button class=\"wp-block-button__link\" type=\"submit\">Submit<\/button><\/div><\/form><\/div>\n<\/div>\n<\/div><\/div>\n","protected":false},"excerpt":{"rendered":"","protected":false},"author":1,"featured_media":0,"parent":0,"menu_order":0,"comment_status":"closed","ping_status":"closed","template":"page-templates\/template-pagebuilder-full-width.php","meta":{"_eb_attr":"","neve_meta_sidebar":"full-width","neve_meta_container":"","neve_meta_enable_content_width":"on","neve_meta_content_width":100,"neve_meta_title_alignment":"","neve_meta_author_avatar":"","neve_post_elements_order":"","neve_meta_disable_header":"","neve_meta_disable_footer":"","neve_meta_disable_title":"","_themeisle_gutenberg_block_has_review":false,"footnotes":""},"class_list":["post-546","page","type-page","status-publish","hentry"],"_links":{"self":[{"href":"https:\/\/pk-system.pl\/index.php\/wp-json\/wp\/v2\/pages\/546","targetHints":{"allow":["GET"]}}],"collection":[{"href":"https:\/\/pk-system.pl\/index.php\/wp-json\/wp\/v2\/pages"}],"about":[{"href":"https:\/\/pk-system.pl\/index.php\/wp-json\/wp\/v2\/types\/page"}],"author":[{"embeddable":true,"href":"https:\/\/pk-system.pl\/index.php\/wp-json\/wp\/v2\/users\/1"}],"replies":[{"embeddable":true,"href":"https:\/\/pk-system.pl\/index.php\/wp-json\/wp\/v2\/comments?post=546"}],"version-history":[{"count":9,"href":"https:\/\/pk-system.pl\/index.php\/wp-json\/wp\/v2\/pages\/546\/revisions"}],"predecessor-version":[{"id":616,"href":"https:\/\/pk-system.pl\/index.php\/wp-json\/wp\/v2\/pages\/546\/revisions\/616"}],"wp:attachment":[{"href":"https:\/\/pk-system.pl\/index.php\/wp-json\/wp\/v2\/media?parent=546"}],"curies":[{"name":"wp","href":"https:\/\/api.w.org\/{rel}","templated":true}]}}